{"id":135,"date":"2023-07-28T11:10:54","date_gmt":"2023-07-28T17:10:54","guid":{"rendered":"https:\/\/ambsansalvador.esteri.it\/lambasciatore\/"},"modified":"2025-04-16T09:03:29","modified_gmt":"2025-04-16T15:03:29","slug":"lambasciatore","status":"publish","type":"page","link":"https:\/\/ambsansalvador.esteri.it\/es\/chi-siamo\/lambasciatore\/","title":{"rendered":"El Embajador"},"content":{"rendered":"<p><img loading=\"lazy\" decoding=\"async\" class=\"alignnone size-medium wp-image-1524 img-fluid aligncenter\" src=\"https:\/\/ambsansalvador.esteri.it\/wp-content\/uploads\/2024\/06\/Foto-Amb-Rozo-Sordini_4-300x200.jpeg\" alt=\"\" width=\"300\" height=\"200\" srcset=\"https:\/\/ambsansalvador.esteri.it\/wp-content\/uploads\/2024\/06\/Foto-Amb-Rozo-Sordini_4-300x200.jpeg 300w, https:\/\/ambsansalvador.esteri.it\/wp-content\/uploads\/2024\/06\/Foto-Amb-Rozo-Sordini_4-1024x682.jpeg 1024w, https:\/\/ambsansalvador.esteri.it\/wp-content\/uploads\/2024\/06\/Foto-Amb-Rozo-Sordini_4-768x512.jpeg 768w, https:\/\/ambsansalvador.esteri.it\/wp-content\/uploads\/2024\/06\/Foto-Amb-Rozo-Sordini_4.jpeg 1920w\" sizes=\"auto, (max-width: 300px) 100vw, 300px\" \/><\/p>\n<p style=\"text-align: justify;\"><strong>Paolo Emanuele Rozo Sordini, <\/strong><strong>Embajador Extraordinario y Plenipotenciario de la Rep\u00fablica Italiana ante la Rep\u00fablica de El Salvador y Observador ante el SICA<\/strong><\/p>\n<p style=\"text-align: justify;\"><strong>\u00a0<\/strong>Nacido en Roma, se licenci\u00f3 en Derecho por la Universidad Luiss de Roma en 1994 y comenz\u00f3 su carrera acad\u00e9mica. Tras un examen de concurso, el 17 de diciembre de 2001 fue nombrado Secretario de Legaci\u00f3n en la carrera diplom\u00e1tica.<\/p>\n<p style=\"text-align: justify;\">Tras sus primeros cargos en la Direcci\u00f3n General de Asuntos Pol\u00edticos Multilaterales y Derechos Humanos (desarme y no proliferaci\u00f3n) y en la Direcci\u00f3n General de Pa\u00edses de las Am\u00e9ricas, en 2002 asume como Vicario de la Unidad para las Actividades de importancia internacional de las Regiones y de los dem\u00e1s Entes territoriales italianos de la Secretar\u00eda General de la Farnesina.<\/p>\n<p style=\"text-align: justify;\">En 2003 fue C\u00f3nsul en Mar del Plata (Argentina).<\/p>\n<p style=\"text-align: justify;\">En 2007 asume el cargo de Primer Secretario (asuntos pol\u00edticos) en la Embajada de Italia en Madrid.<\/p>\n<p style=\"text-align: justify;\">En 2011 regresa a Roma para tomar servicio en la Direcci\u00f3n General Asuntos Pol\u00edticos y Seguridad del Ministerio, primero como Vicario y luego como Jefe de la Oficina II (Derechos Humanos y Consejo de Europa).<\/p>\n<p style=\"text-align: justify;\">En 2014 asume como Consejero de Asuntos Pol\u00edticos en la Embajada de Italia en Par\u00eds.<\/p>\n<p style=\"text-align: justify;\">En 2017 regresa a Roma para desempe\u00f1ar las funciones de Jefe de la Oficina II del Ceremonial Diplom\u00e1tico de la Rep\u00fablica.<\/p>\n<p style=\"text-align: justify;\">En 2021 asume el cargo de Primer Consejero de la Representaci\u00f3n Permanente de Italia ante la Uni\u00f3n Europea en Bruselas.<\/p>\n<p style=\"text-align: justify;\">En 2024 es nombrado Embajador ante la Rep\u00fablica de El Salvador y Representante ante el Sistema de Integraci\u00f3n Centroamericana (SICA), Organizaci\u00f3n regional ante la cual Italia es Pa\u00eds Observador.<\/p>\n<p style=\"text-align: justify;\">Idiomas: italiano, ingl\u00e9s, franc\u00e9s, espa\u00f1ol.<\/p>\n<p style=\"text-align: justify;\"><em>\u00a0<\/em><\/p>\n<p style=\"text-align: justify;\"><em>En 2016 fue nombrado Caballero de la Orden al M\u00e9rito de la Rep\u00fablica Italiana.<\/em><\/p>\n<p style=\"text-align: justify;\"><em>En 2021 es nombrado Oficial de la Orden de la Estrella de Italia.<\/em><\/p>\n","protected":false},"excerpt":{"rendered":"Paolo Emanuele Rozo Sordini, Embajador Extraordinario y Plenipotenciario de la Rep\u00fablica Italiana ante la Rep\u00fablica de El Salvador y Observador ante el SICA \u00a0Nacido en Roma, se licenci\u00f3 en Derecho por la Universidad Luiss de Roma en 1994 y comenz\u00f3 su carrera acad\u00e9mica. Tras un examen de concurso, el 17 de diciembre de 2001 fue [&hellip;]","protected":false},"author":1,"featured_media":0,"parent":139,"menu_order":0,"comment_status":"closed","ping_status":"closed","template":"","meta":{"footnotes":""},"class_list":["post-135","page","type-page","status-publish","hentry"],"_links":{"self":[{"href":"https:\/\/ambsansalvador.esteri.it\/es\/wp-json\/wp\/v2\/pages\/135","targetHints":{"allow":["GET"]}}],"collection":[{"href":"https:\/\/ambsansalvador.esteri.it\/es\/wp-json\/wp\/v2\/pages"}],"about":[{"href":"https:\/\/ambsansalvador.esteri.it\/es\/wp-json\/wp\/v2\/types\/page"}],"author":[{"embeddable":true,"href":"https:\/\/ambsansalvador.esteri.it\/es\/wp-json\/wp\/v2\/users\/1"}],"replies":[{"embeddable":true,"href":"https:\/\/ambsansalvador.esteri.it\/es\/wp-json\/wp\/v2\/comments?post=135"}],"version-history":[{"count":6,"href":"https:\/\/ambsansalvador.esteri.it\/es\/wp-json\/wp\/v2\/pages\/135\/revisions"}],"predecessor-version":[{"id":2380,"href":"https:\/\/ambsansalvador.esteri.it\/es\/wp-json\/wp\/v2\/pages\/135\/revisions\/2380"}],"up":[{"embeddable":true,"href":"https:\/\/ambsansalvador.esteri.it\/es\/wp-json\/wp\/v2\/pages\/139"}],"wp:attachment":[{"href":"https:\/\/ambsansalvador.esteri.it\/es\/wp-json\/wp\/v2\/media?parent=135"}],"curies":[{"name":"wp","href":"https:\/\/api.w.org\/{rel}","templated":true}]}}

<p><img loading="lazy" decoding="async" class="alignnone size-medium wp-image-1524 img-fluid aligncenter" src="https://ambsansalvador.esteri.it/wp-content/uploads/2024/06/Foto-Amb-Rozo-Sordini_4-300x200.jpeg" alt="" width="300" height="200" srcset="https://ambsansalvador.esteri.it/wp-content/uploads/2024/06/Foto-Amb-Rozo-Sordini_4-300x200.jpeg 300w, https://ambsansalvador.esteri.it/wp-content/uploads/2024/06/Foto-Amb-Rozo-Sordini_4-1024x682.jpeg 1024w, https://ambsansalvador.esteri.it/wp-content/uploads/2024/06/Foto-Amb-Rozo-Sordini_4-768x512.jpeg 768w, https://ambsansalvador.esteri.it/wp-content/uploads/2024/06/Foto-Amb-Rozo-Sordini_4.jpeg 1920w" sizes="auto, (max-width: 300px) 100vw, 300px" /></p>
<p style="text-align: justify;"><strong>Paolo Emanuele Rozo Sordini, </strong><strong>Embajador Extraordinario y Plenipotenciario de la República Italiana ante la República de El Salvador y Observador ante el SICA</strong></p>
<p style="text-align: justify;"><strong> </strong>Nacido en Roma, se licenció en Derecho por la Universidad Luiss de Roma en 1994 y comenzó su carrera académica. Tras un examen de concurso, el 17 de diciembre de 2001 fue nombrado Secretario de Legación en la carrera diplomática.</p>
<p style="text-align: justify;">Tras sus primeros cargos en la Dirección General de Asuntos Políticos Multilaterales y Derechos Humanos (desarme y no proliferación) y en la Dirección General de Países de las Américas, en 2002 asume como Vicario de la Unidad para las Actividades de importancia internacional de las Regiones y de los demás Entes territoriales italianos de la Secretaría General de la Farnesina.</p>
<p style="text-align: justify;">En 2003 fue Cónsul en Mar del Plata (Argentina).</p>
<p style="text-align: justify;">En 2007 asume el cargo de Primer Secretario (asuntos políticos) en la Embajada de Italia en Madrid.</p>
<p style="text-align: justify;">En 2011 regresa a Roma para tomar servicio en la Dirección General Asuntos Políticos y Seguridad del Ministerio, primero como Vicario y luego como Jefe de la Oficina II (Derechos Humanos y Consejo de Europa).</p>
<p style="text-align: justify;">En 2014 asume como Consejero de Asuntos Políticos en la Embajada de Italia en París.</p>
<p style="text-align: justify;">En 2017 regresa a Roma para desempeñar las funciones de Jefe de la Oficina II del Ceremonial Diplomático de la República.</p>
<p style="text-align: justify;">En 2021 asume el cargo de Primer Consejero de la Representación Permanente de Italia ante la Unión Europea en Bruselas.</p>
<p style="text-align: justify;">En 2024 es nombrado Embajador ante la República de El Salvador y Representante ante el Sistema de Integración Centroamericana (SICA), Organización regional ante la cual Italia es País Observador.</p>
<p style="text-align: justify;">Idiomas: italiano, inglés, francés, español.</p>
<p style="text-align: justify;"><em> </em></p>
<p style="text-align: justify;"><em>En 2016 fue nombrado Caballero de la Orden al Mérito de la República Italiana.</em></p>
<p style="text-align: justify;"><em>En 2021 es nombrado Oficial de la Orden de la Estrella de Italia.</em></p>

Paolo Emanuele Rozo Sordini, Embajador Extraordinario y Plenipotenciario de la República Italiana ante la República de El Salvador y Observador ante el SICA  Nacido en Roma, se licenció en Derecho por la Universidad Luiss de Roma en 1994 y comenzó su carrera académica. Tras un examen de concurso, el 17 de diciembre de 2001 fue [&hellip;]
